s -3c8 - -1?
-3c7
In base 10, what is 2 - -4180?
4182
In base 5, what is 3 + 200142?
200200
In base 12, what is -4 + b520?
b518
In base 4, what is -2 + 203310011?
203310003
In base 14, what is 0 - 7851?
-7851
In base 10, what is -9 - 865?
-874
In base 14, what is -71 + 7?
-68
In base 10, what is -11 - -24495?
24484
In base 6, what is 321 - 131?
150
In base 14, what is -18 + 20bc?
20a4
In base 10, what is 1 - -9893?
9894
In base 6, what is -4215433 + -3?
-4215440
In base 5, what is -101320 - -10?
-101310
In base 2, what is -1110100011010 - -10000100?
-1110010010110
In base 4, what is -21112 - -23?
-21023
In base 14, what is -6565 - 6?
-656b
In base 11, what is 3 - -109a4?
109a7
In base 9, what is 453 - -232?
685
In base 14, what is 32 - 1472?
-1440
In base 15, what is 1beeb1 + -3?
1beead
In base 15, what is 0 - d471?
-d471
In base 6, what is 254210 + -20?
254150
In base 4, what is 1021 + -2033?
-1012
In base 3, what is 21 - -111021010?
111021101
In base 9, what is 68268 - -3?
68272
In base 14, what is -4 + -2b34?
-2b38
In base 9, what is 40 - -6307?
6347
In base 2, what is 101 - -1111000101101111100?
1111000101110000001
In base 7, what is -5 + -14501000?
-14501005
In base 2, what is -10010001100100 + -1001100?
-10010010110000
In base 4, what is 2 - 133300?
-133232
In base 13, what is -27 - 162?
-189
In base 7, what is 4 + 1220?
1224
In base 10, what is 3 - -127687?
127690
In base 3, what is -2022021 - 2121?
-2101212
In base 10, what is 3 + 35526?
35529
In base 10, what is 1 - -372131?
372132
In base 16, what is -1e5 + 59?
-18c
In base 7, what is 2 + 45?
50
In base 5, what is -2111 + 103?
-2003
In base 12, what is -1a06 - -10?
-19b6
In base 9, what is 84854 + 137?
85102
In base 13, what is 32 - 2c7?
-295
In base 8, what is -136 - -15?
-121
In base 10, what is 3 + 218?
221
In base 3, what is 1012012122 + -12?
1012012110
In base 6, what is -51014 - -2?
-51012
In base 15, what is -677 + -9?
-681
In base 7, what is 10041242 - 1?
10041241
In base 10, what is 727 - -1818?
2545
In base 6, what is -153452101 - 2?
-153452103
In base 6, what is 4 + -511301?
-511253
In base 11, what is 84 - 78?
7
In base 3, what is 220222 - 220?
220002
In base 10, what is 23 + 201?
224
In base 12, what is 1 - -7b31?
7b32
In base 16, what is 52 - 1938?
-18e6
In base 7, what is 54 - -105355?
105442
In base 5, what is -121 - -422412?
422241
In base 9, what is -2 + -21274?
-21276
In base 10, what is -155514 + 4?
-155510
In base 15, what is -11cd9 - 1?
-11cda
In base 16, what is -c09 + 4?
-c05
In base 11, what is 0 - 977?
-977
In base 16, what is 6a + -132?
-c8
In base 13, what is -24 - 9a44?
-9a68
In base 4, what is 2021231233 + -10?
2021231223
In base 6, what is 31 + 212514?
212545
In base 10, what is -45676 + -28?
-45704
In base 11, what is 897 - 2?
895
In base 6, what is -212 - -1113313?
1113101
In base 4, what is -310 + 3312101?
3311131
In base 6, what is -22122 + -2255?
-24421
In base 13, what is -17145 + 2?
-17143
In base 7, what is 5044015 - 12?
5044003
In base 14, what is 7 + 7190?
7197
In base 9, what is -15286 + 14?
-15272
In base 7, what is 12 - -621631?
621643
In base 5, what is 1134133 - 11?
1134122
In base 9, what is 568 + 41?
620
In base 6, what is 503354 + 3?
503401
In base 2, what is -1111000111100110 + 1?
-1111000111100101
In base 4, what is 3023 - 12332?
-3303
In base 13, what is -23263 - -2?
-23261
In base 16, what is -18c - -150?
-3c
In base 8, what is 0 + 16207?
16207
In base 12, what is b1 - 8489?
-8398
In base 13, what is -6072 - -4?
-606b
In base 7, what is 0 - 3222310?
-3222310
In base 12, what is 239 + 3b?
278
In base 16, what is 442169 + 0?
442169
In base 16, what is -a - -271?
267
In base 3, what is -10 - -122111020?
122111010
In base 7, what is 25 + -61100?
-61042
In base 8, what is -5035707 + 3?
-5035704
In base 12, what is -37268 - -5?
-37263
In base 6, what is -414 + -10051?
-10505
In base 14, what is 117 - -3697?
37b0
In base 8, what is -177263 + 2?
-177261
In base 9, what is 8 + 7370?
7378
In base 4, what is 2 - -30201?
30203
In base 16, what is 3c + bd2?
c0e
In base 13, what is b + 12878a?
128798
In base 10, what is -1893 + 3413?
1520
In base 14, what is 92b3 + -2a?
9287
In base 2, what is -1000000 + 10101110001101?
10101101001101
In base 10, what is -5 - -4645?
4640
In base 12, what is 5 + 125120?
125125
In base 11, what is 17 + 2a206?
2a222
In base 11, what is 232648 - -3?
232650
In base 2, what is 11111011111 + -100001001?
11011010110
In base 2, what is 1101011101000100001000 + 10?
1101011101000100001010
In base 12, what is 2 - -20711?
20713
In base 13, what is -117 - 62?
-179
In base 6, what is 11 - -302502?
302513
In base 16, what is 289d - -93?
2930
In base 12, what is -1 + -6b876?
-6b877
In base 14, what is 2b3a1 + 4?
2b3a5
In base 9, what is -4 - -8171?
8166
In base 7, what is 0 + 220123?
220123
In base 15, what is 17 - -44c?
464
In base 5, what is 24440223 + -3?
24440220
In base 7, what is -15462 + 15?
-15444
In base 3, what is 120120212210 + -1?
120120212202
In base 13, what is -1c - -10a6?
1087
In base 16, what is -e7f4 - 5?
-e7f9
In base 11, what is 2269 - 1a?
224a
In base 16, what is 0 - -31d?
31d
In base 13, what is 13 - 921?
-90b
In base 10, what is 21777 - -1?
21778
In base 13, what is -314a1 - a?
-314ab
In base 3, what is -12 + -100101122?
-100101211
In base 6, what is -5 + 1345324?
1345315
In base 3, what is -10221011 - 10?
-10221021
In base 11, what is -139058 + -4?
-139061
In base 6, what is -1212 + -2153?
-3405
In base 7, what is -20326425 - -3?
-20326422
In base 5, what is 10140 - 23240?
-13100
In base 13, what is -5 - -9bb09?
9bb04
In base 5, what is -4 - -2231342?
2231333
In base 7, what is -12562524 - -4?
-12562520
In base 3, what is -122 - -1010121?
1002222
In base 6, what is 1155123 - 2?
1155121
In base 11, what is 0 - 7447?
-7447
In base 14, what is 9 - 18584?
-18579
In base 8, what is -357206 + -5?
-357213
In base 7, what is 40223 - -105?
40331
In base 14, what is -2712 - 2?
-2714
In base 4, what is -131301 + 112?
-131123
In base 10, what is 11 - 1666?
-1655
In base 15, what is 574 - 163a?
-10b6
In base 4, what is -12233 + 120100?
101201
In base 9, what is 5 - 771080?
-771074
In base 5, what is -20 - -2214421?
2214401
In base 13, what is 180 - 29?
154
In base 13, what is -63 - -a6?
43
In base 3, what is 200 + -1002010?
-1001110
In base 3, what is -10002122 + -101?
-10010000
In base 4, what is -12333331 - -3010?
-12330321
In base 10, what is 1555 + -33?
1522
In base 15, what is -1b + -8d2?
-8ed
In base 5, what is -132421020 - 4?
-132421024
In base 5, what is -10100410 - 0?
-10100410
In base 12, what is -674 - -48?
-628
In base 15, what is -46e71 + 4?
-46e6c
In base 16, what is -2 - -395f?
395d
In base 15, what is 2de11 - -5?
2de16
In base 14, what is -27a - -c?
-26c
In base 4, what is -33031223 + -1?
-33031230
In base 12, what is -251a - 5?
-2523
In base 4, what is 202113213 - 11?
202113202
In base 12, what is -317b + 219?
-2b62
In base 13, what is -4431 - -1b?
-4413
In base 9, what is 44 + -241?
-186
In base 2, what is 10010100101001 + -111011110?
10001101001011
In base 5, what is 14 - 13440?
-13421
In base 10, what is 73 + 17436?
17509
In base 10, what is -4 + -6033?
-6037
In base 7, what is -15 - 1120144?
-1120162
In base 14, what is 5 - -62?
67
In base 7, what is -13026146 + 4?
-13026142
In base 11, what is 0 - 468207?
-468207
In base 2, what is 11100010000111101 - -10?
11100010000111111
In base 14, what is 3 + ca40?
ca43
In base 15, what is 2c9 + 2?
2cb
In base 4, what is -20323110 - 22?
-20323132
In base 8, what is 260050 + -7?
260041
In base 10, what is -1 - 13768?
-13769
In base 16, what is -faeb - 8?
-faf3
In base 11, what is 19441 + 2?
19443
In base 9, what is -3 + -241137?
-241141
In base 9, what is -362 - -144?
-217
In base 9, what is -23 - 5663?
-5686
In base 12, what is -2434 + -5?
-2439
In base 2, what is 101100001 - 100011011?
1000110
In base 6, what is 141032 + -144?
140444
In base 11, what is 7a26 + 57?
7a82
In base 2, what is -10 + -101010011101?
-101010011111
In base 11, what is 5 - 15a6?
-15a1
In base 8, what is -647 - -237?
-410
In base 9, what is 4 - 472853?
-472848
In base 12, what is -24 - -36168?
36144
In base 11, what is 4 + -49604?
-49600
In base 12, what is 6 + 17bb8?
18002
In bas